5 and 294.
21
What is the highest common factor of 796246 and 100606?
374
Calculate the highest common factor of 1012 and 40595874.
506
What is the highest common factor of 13 and 351690612?
13
What is the highest common divisor of 187 and 313330754?
11
Calculate the greatest common divisor of 1972965 and 270375.
1545
What is the highest common factor of 123871 and 4697?
11
What is the highest common divisor of 2198493 and 954?
477
Calculate the greatest common factor of 1160698 and 38544218.
15074
Calculate the highest common factor of 26647423 and 2684.
671
Calculate the greatest common factor of 594 and 4340061.
297
What is the highest common divisor of 10577 and 20699?
7
Calculate the greatest common divisor of 634830 and 987.
21
What is the greatest common divisor of 8064669 and 9?
3
Calculate the greatest common factor of 567339 and 775296.
2019
Calculate the greatest common factor of 83 and 84667636.
83
Calculate the greatest common divisor of 12210 and 62061395.
2035
What is the highest common factor of 98462 and 128128?
182
What is the highest common divisor of 105521949 and 9685?
1937
What is the greatest common divisor of 2173444 and 853?
853
Calculate the highest common divisor of 15780 and 17988.
12
What is the highest common factor of 28 and 1248150106?
14
What is the greatest common divisor of 20134326 and 762?
762
Calculate the greatest common factor of 457804080 and 270.
90
What is the highest common divisor of 76313 and 72829?
67
What is the greatest common factor of 229 and 73556861?
229
Calculate the highest common factor of 7491120 and 9255120.
11760
What is the highest common divisor of 717825072 and 1492?
1492
What is the highest common divisor of 847630 and 490?
70
What is the greatest common divisor of 928145 and 2768340?
5365
What is the greatest common divisor of 729 and 16370748?
81
Calculate the greatest common divisor of 103625 and 4000.
125
What is the highest common divisor of 1846878 and 8196?
6
Calculate the highest common divisor of 198164205 and 5130.
2565
Calculate the highest common divisor of 111 and 1162361068.
37
Calculate the greatest common factor of 405334796 and 368.
92
Calculate the greatest common divisor of 13443909 and 9894.
291
Calculate the highest common factor of 2054 and 1015248.
26
What is the highest common factor of 26 and 5998018?
26
What is the highest common divisor of 7076 and 2556388?
244
What is the highest common divisor of 34 and 2635636055?
17
What is the greatest common factor of 350 and 1813450?
50
What is the greatest common divisor of 2615570818 and 266?
266
What is the greatest common divisor of 992473 and 5267?
23
What is the highest common divisor of 195 and 5170074?
39
Calculate the highest common divisor of 671976 and 22896.
216
Calculate the highest common factor of 7147 and 5257129.
1021
What is the greatest common divisor of 1140 and 199140?
60
Calculate the highest common factor of 9 and 17760372.
3
Calculate the highest common factor of 21218608 and 6192.
688
Calculate the highest common divisor of 5285 and 35076545.
5285
What is the highest common divisor of 31496 and 124093?
31
What is the greatest common divisor of 1737668 and 18308?
796
Calculate the greatest common divisor of 55224050 and 2324.
1162
What is the greatest common divisor of 377487229 and 844?
211
Calculate the greatest common factor of 65727 and 25125.
201
Calculate the highest common factor of 2384 and 41712848.
2384
Calculate the greatest common factor of 358306 and 95602.
26
What is the highest common divisor of 1472 and 481850?
46
What is the highest common factor of 116926755 and 231?
33
Calculate the greatest common divisor of 7395450 and 4089.
141
Calculate the highest common factor of 133435744 and 624.
208
What is the greatest common factor of 29146 and 35549?
19
What is the highest common factor of 1916 and 20734473?
479
Calculate the highest common divisor of 7988 and 108339247.
1997
Calculate the highest common factor of 32 and 914570.
2
What is the greatest common divisor of 3816 and 17428997?
53
What is the greatest common factor of 194342577 and 78?
39
What is the greatest common factor of 385730730 and 360?
90
What is the greatest common divisor of 4290 and 1155?
165
What is the greatest common factor of 580211 and 361243?
271
What is the greatest common factor of 15542 and 7974682?
818
Calculate the greatest common factor of 6681688 and 12505.
41
What is the highest common divisor of 2048 and 216496?
16
Calculate the greatest common divisor of 17204 and 3010194.
506
Calculate the highest common factor of 38811629 and 153.
17
Calculate the greatest common divisor of 9169171 and 68.
17
What is the highest common divisor of 2642646 and 18?
6
Calculate the greatest common factor of 952746058 and 44.
22
Calculate the greatest common divisor of 104 and 2655176.
8
What is the highest common factor of 2448 and 2668014?
306
What is the highest common divisor of 288552054 and 41076?
6846
Calculate the highest common divisor of 75166538 and 4.
2
Calculate the greatest common divisor of 230412 and 418236.
1092
What is the greatest common factor of 50163504 and 7424?
464
What is the greatest common factor of 375911811 and 33?
33
Calculate the highest common divisor of 870 and 26775555.
435
What is the greatest common divisor of 146 and 78487118?
146
Calculate the highest common factor of 121613 and 75547.
31
What is the greatest common divisor of 2224882 and 11?
11
Calculate the greatest common divisor of 9209633 and 20350.
37
What is the greatest common factor of 551 and 816437087?
551
Calculate the highest common factor of 14473816 and 147.
49
What is the highest common divisor of 2726315 and 6725?
1345
What is the greatest common divisor of 38990413 and 145464?
6061
What is the highest common divisor of 64750 and 98280?
70
Calculate the highest common divisor of 1370 and 214027565.
685
Calculate the greatest common divisor of 406497 and 535626.
273
What is the greatest common factor of 46007228 and 3796?
292
Calculate the greatest common factor of 68 and 22069288.
4
Calculate the greatest common factor of 30475 and 5693525.
1325
What is the greatest common divisor of 114 and 48922226?
38
What is the greatest common divisor of 1321 and 191398369?
1321
Calculate the greatest common factor of 31840342 and 20630.
4126
Calculate the highest common divisor of 9744776 and 4790.
958
What is the highest common divisor of 674 and 474455223?
337
What is the greatest common factor of 333732 and 2184054?
822
Calculate the greatest common divisor of 34550958 and 12.
6
What is the highest common divisor of 2494202 and 19?
1
What is the greatest common divisor of 10 and 327210595?
5
What is the highest common factor of 142077 and 488162?
3643
Calculate the highest common factor of 333488687 and 7.
7
What is the greatest common factor of 631582 and 54?
2
Calculate the greatest common factor of 103016 and 2335790.
326
What is the highest common factor of 890 and 16329370?
10
What is the greatest common divisor of 3445988 and 336?
28
Calculate the greatest common factor of 34 and 223716226.
34
Calculate the highest common divisor of 4645 and 226.
1
Calculate the highest common divisor of 1379 and 8458589.
197
Calculate the greatest common divisor of 9729 and 14270751.
423
Calculate the highest common divisor of 8603085 and 885.
885
Calculate the greatest common divisor of 8281895 and 7030.
185
Calculate the greatest common divisor of 105370884 and 3420.
684
Calculate the greatest common factor of 68544 and 987840.
4032
What is the greatest common divisor of 704646410 and 52?
26
What is the greatest common divisor of 153531 and 111?
3
What is the highest common factor of 364 and 2313262?
14
Calculate the highest common factor of 854 and 206304.
14
What is the greatest common factor of 51 and 5840741?
17
What is the greatest common divisor of 195972032 and 832?
64
What is the greatest common divisor of 100465 and 115091?
71
Calculate the highest common divisor of 2032 and 25014428.
508
What is the highest common factor of 136 and 58959944?
136
What is the greatest common factor of 56003934 and 371?
371
What is the highest common divisor of 57819 and 471?
3
Calculate the greatest common factor of 5953809 a